t p(n) = -n - 5. Let b be p(-11). Suppose b = -2*s - 2, 0 = -5*h - 4*s + 3129. List the prime factors of h.
17, 37
Suppose -39*k + 1688731 + 2965887 = 103*k. List the prime factors of k.
32779
Let z = -441 + 959. Suppose 0 = z*h - 519*h + 523. What are the prime factors of h?
523
Let o(f) = 82*f**3 + 7*f - 7. List the prime factors of o(4).
11, 479
Suppose -2*y = -2*i - 136, 0 = -6*i + i - 10. Let z(c) = 8*c**2 + 2*c + y - 3*c - 9*c**2. List the prime factors of z(0).
2, 3, 11
Let r(g) = -10 + 28 - 474*g + 38. List the prime factors of r(-2).
2, 251
Let x(f) = -f + 5. Let c be x(-4). Suppose -13 = -2*t - c. Suppose -8*b + 138 = -t*b. What are the prime factors of b?
23
Let y = -3139 - -7728. List the prime factors of y.
13, 353
Let b(p) = 12*p + 15*p + 92*p + 19. List the prime factors of b(2).
257
Suppose -13*q + 28256 + 134044 + 67475 = 0. What are the prime factors of q?
5, 7, 101
Suppose 3*d + 1 + 34 = 5*o, -4*o + 28 = -2*d. Suppose j - 113 = 3*x - x, 108 = j - x. Suppose -o*s + j = 5. List the prime factors of s.
2, 7
List the prime factors of -49 - -59 - (-4025 - 1).
2, 1009
Let t(d) be the first derivative of -5/2*d**2 + 2/3*d**3 + 1/2*d**4 + 8*d - 20. List the prime factors of t(4).
2, 37
Let u(p) = 46*p**2 - 213*p + 62. What are the prime factors of u(-34)?
2, 3, 5, 7
Suppose -2*y + 5*x = -18485, 4*y - 42227 + 5302 = -5*x. List the prime factors of y.
5, 1847
Let z = -1363 - -1556. List the prime factors of z.
193
Suppose -3*u = 5*o - 96203, -19239 = 2511*o - 2512*o - u. What are the prime factors of o?
7, 2749
Suppose -10*k + 5*k + 5 = 0, 0 = -3*v + 2*k + 6859. What are the prime factors of v?
2287
Let m(q) = q + 2. Let u(o) = -o**2 - o + 13. Let f(b) = 5*m(b) - u(b). Suppose -3*x - 35 = -8. List the prime factors of f(x).
2, 3
Let x(u) = u + 24. Let v be x(-18). Let j = v - 10. List the prime factors of 0 - -6*(-138)/j.
3, 23
Let a be 10/4*(10 + -8). Suppose -i + 175 = 4*n - 31, -4*n - 1030 = -a*i. Suppose -9*k + i = -7*k. List the prime factors of k.
103
Let o(s) = s**3 - 34*s**2 - 37*s + 67. Let a be o(35). List the prime factors of 3 - (a + 7 + -1194).
1193
Suppose -2 = -7*a - 2. Suppose 0 = -21*n + 22*n - 5*u - 840, 4*u - 16 = a. What are the prime factors of n?
2, 5, 43
Let s(b) = b**3 + 8*b**2 + 16*b - 23. Let a be s(7). Let f = 1550 - a. What are the prime factors of (5/(30/f))/1?
11
Suppose r = -4*r + 130. Let q(h) = 2*h**2 - 38*h - 4. Let f be q(r). Suppose -4*j = -8*j + f. List the prime factors of j.
2, 3, 5
Let q(m) = 3*m**3 - 6*m**2 + 5*m - 8. Let j be q(2). Suppose -3*v + j*g = -4*v + 1504, 3*v - 4530 = 3*g. What are the prime factors of v?
2, 13, 29
Let i(s) = 19*s + 1846 - 1899 - s. List the prime factors of i(8).
7, 13
Suppose 213*z - 166*z = 733200. What are the prime factors of z?
2, 3, 5, 13
List the prime factors of 380500/1625 + (-2 - (-48)/26).
2, 3, 13
Let n(r) = -r**2 - 28*r - 154. Let l be n(-20). Let z(b) = 8*b**3 + 4*b**2 - 2*b + 32. List the prime factors of z(l).
2, 11, 43
What are the prime factors of 2*(188773/26 + 4)?
3, 29, 167
Let d(u) = 32*u + 127. Let m be d(-3). Suppose m*k - 35131 = 11493. What are the prime factors of k?
2, 47
Let f = -5236 - -9972. List the prime factors of f.
2, 37
Let z = -2580 + 7350. What are the prime factors of z?
2, 3, 5, 53
Let c = -7 - -12. Let w be (0 + (-15)/4)*(-72)/30. Suppose -w*t + c*t = -232. List the prime factors of t.
2, 29
Let o = 37110 - 26320. What are the prime factors of o?
2, 5, 13, 83
List the prime factors of ((-35860)/(-16))/((-102)/(-1224)).
3, 5, 11, 163
Let j(o) = -2*o**2 - o + 7. Let y be j(4). Let u = y + 35. Suppose c = 77 + u. List the prime factors of c.
83
Suppose 3*j - 480 = -4*o, 5*o + j = -0*j + 611. Let t = o - 80. Let c = 137 - t. List the prime factors of c.
2, 47
Suppose 4*r = 11*r - 21. Suppose -4*q = w - 178, 0 = 4*q - 2*q + r*w - 94. Suppose y - 23 - q = 0. What are the prime factors of y?
67
Let w be (-17 - -19)/((-1)/2). Let c(o) = -2*o**3 - 5*o**2 + 5*o + 4. Let y be c(w). Let i = y + 15. What are the prime factors of i?
47
Suppose 3*y + 2*y - 8 = -2*a, -a = -2*y - 4. Suppose -a*r + 4*c + 2716 = 0, 12*c - 17*c = 25. What are the prime factors of r?
2, 337
Suppose 2*s = 2616 + 5790. Suppose -23*l + 32*l = s. What are the prime factors of l?
467
What are the prime factors of (-514710)/532*(-46)/5?
3, 23, 43
Let h = 40 + -15. Let u = h - 27. List the prime factors of 1498/10 - (-4 - u)/10.
2, 3, 5
Let y = -12917 - -18904. What are the prime factors of y?
5987
Let c(y) be the third derivative of 247*y**5/60 - y**4/24 - 5*y**2 - 11. What are the prime factors of c(2)?
2, 17, 29
Let n(t) = 4*t - 594*t**2 + 593*t**2 + 145 + 19*t. List the prime factors of n(18).
5, 47
Let f be (11106/(-40) + (-84)/140)*-4. Let v = f + 177. List the prime factors of v.
2, 3, 5, 43
Suppose 0 = -9*u + 42067 + 29078. List the prime factors of u.
3, 5, 17, 31
Let r = 96 + -51. Let a = 61 - r. List the prime factors of (-1575)/(-60)*a/6.
2, 5, 7
Let b(g) be the third derivative of -g**4/8 - 5*g**3/3 - 12*g**2. Let c be b(-4). Suppose -l = -3*n - 28 - 141, -c*n - 8 = 0. What are the prime factors of l?
157
Let c be 0/(-1 + (-6)/6). Suppose 4*i - 5*r - 124 = 387, c = -2*i + 3*r + 255. List the prime factors of i.
3, 43
Let k = -278 - -279. List the prime factors of 892/4 - (k + 5).
7, 31
Suppose -6*c + 115817 = 3*c + 4*c. What are the prime factors of c?
59, 151
Let b(l) = -3*l + 1. Let g be b(-1). Let n = -3891 - -3880. What are the prime factors of (n/(-2))/(g*(-2)/(-144))?
3, 11
Suppose 612255 = 56*p + 199516 - 140149. List the prime factors of p.
3, 1097
List the prime factors of (-535)/(50/(-12) - -4) + -5.
5, 641
Suppose 0 = -311*u + 307*u + 12. Suppose -3*m = u*v - 1281, 0*v - 3*v + 15 = 0. What are the prime factors of m?
2, 211
List the prime factors of 1/3 + (-2199180)/(-450) - (-6)/10.
2, 13, 47
Let u = 354 - 378. Let s(x) = x**3 + 26*x**2 + 7*x + 127. List the prime factors of s(u).
11, 101
Let l be (-6)/(-11) - 32246/(-253). Suppose v - 5*s - 108 - 6 = 0, -l = -v - 2*s. What are the prime factors of v?
2, 31
Let v = 5 + 1. Let g be 1 + (v - (-1 - -3)). Suppose g*n + 0*n - 820 = 0. List the prime factors of n.
2, 41
Let q = -1928 - -1104. List the prime factors of (-3)/((2/(-8))/(q/(-48))).
2, 103
Let k(m) = 114*m**2 - 876*m + 30. What are the prime factors of k(9)?
2, 3, 5, 23
Let p(g) be the third derivative of 7*g**5/30 - g**4/12 + 26*g**3/3 + 215*g**2. What are the prime factors of p(8)?
2, 233
Suppose -47 - 181 = -19*d. Suppose 0 = d*k - 19*k + 6482. List the prime factors of k.
2, 463
Suppose 5*t = 14*t + 13806. Let w = -142 - t. List the prime factors of w.
2, 3, 29
Suppose 0 = 12*u - 15*u + 42. Suppose 4069 = -9*m + u*m - r, -2447 = -3*m + 2*r. What are the prime factors of m?
3, 271
Let x = 1256 + 9985. Suppose -27*a - x = -36*a. What are the prime factors of a?
1249
Suppose 5*d + 3*f = 190 + 10, -f + 81 = 2*d. Suppose -x = -d + 52. Let k(c) = 2*c**2 - 13*c - 17. What are the prime factors of k(x)?
2, 131
Suppose -6*c - 862 = 3*c - 18070. List the prime factors of c.
2, 239
Suppose -2992 + 636 = -4*d - 2*g, 3*d + 3*g - 1770 = 0. Let n = 86 + d. List the prime factors of n.
2, 337
Let k = -815 - -810. Let m = 254 - 356. What are the prime factors of (m/(-18) + k)/(2/207)?
3, 23
Let u = -142 + 249. Let c = u - 48. Suppose -4*h - c = -323. What are the prime factors of h?
2, 3, 11
Let q(z) = z**3 - 16*z**2 + 22*z - 74. Let j be q(15). Let i = j + 298. What are the prime factors of i?
7, 47
Let h(n) = -1 + 44*n - 4 + 7. Let i be h(1). Suppose -2*u = -i - 2. What are the prime factors of u?
2, 3
Suppose -z - 14*z = -3240. What are the prime factors of z - 5/5 - 4?
211
List the prime factors of 1/(-2*(-5)/174790) + 4 + 0.
17483
Let b(z) = -4*z**2 + 15*z + 10. Let n(i) = i**2 - i - 1. Let u(m) = -b(m) - 5*n(m). Let q be u(-9). List the prime factors of q + (4 - 8) - -88.
2, 11
Let c(t) be the third derivative of 221*t**5/60 + 11*t**4/24 + 19*t**3/6 + t**2 - 15. List the prime factors of c(-2).
881
Let y(b) = 87*b + 129. Let u be 9 + (5 - (8 + 1)). List the prime factors of y(u).
2, 3, 47
Suppose 4851 = 4*n + 3*t, 53*n = 51*n - 2*t + 2426. What are the prime factors of n?
2, 3, 101
What are the prime factors of 290/2320 + (-290431)/(-8)?
2,